{"id":2756,"date":"2024-02-12T17:34:10","date_gmt":"2024-02-12T20:34:10","guid":{"rendered":"https:\/\/ispm-sfe.infd.edu.ar\/sitio\/?page_id=2756"},"modified":"2025-11-21T21:05:42","modified_gmt":"2025-11-22T00:05:42","slug":"fapic-tango-musica-ingreso-instrumento-lenguaje-musical","status":"publish","type":"page","link":"https:\/\/ispm-sfe.infd.edu.ar\/sitio\/fapic-tango\/fapic-tango-musica-ingreso-instrumento-lenguaje-musical\/","title":{"rendered":"FAPIC Tango (m\u00fasica) &#8211; Audici\u00f3n para el Ingreso"},"content":{"rendered":"\n<p>Para quienes deseen realizar el ingreso a la FAPIC de Tango (m\u00fasica), <strong>ser\u00e1 necesario realizar una audici\u00f3n <\/strong>para examinar que su desenvolvimiento de cuenta de los requisitos de ingreso. En caso de ser <strong>estudiante del Guastavino<\/strong> en el dise\u00f1o curricular de Profesor\/a de M\u00fasica, puede <strong>saltar el examen si re\u00fane las condiciones <\/strong>que se expresan m\u00e1s abajo en esta misma p\u00e1gina.<br><strong>El examen se realizar\u00e1 en una instancia pr\u00e1ctica:<\/strong><\/p>\n\n\n\n<p><strong><em>1.1 &#8211; Examen de instrumento<\/em><\/strong><\/p>\n\n\n\n<p><em>Obra impuesta:<\/em><\/p>\n\n\n\n<ul>\n<li>Ejecuci\u00f3n del fragmento del solo del tango \u201cNota Brava\u201d (Jos\u00e9 Sala).<\/li>\n\n\n\n<li>La modalidad ser\u00e1 tocar <strong>junto<\/strong> con el audio (sobrebanda \/ pista) de \u201cNota Brava\u201d.<\/li>\n\n\n\n<li>Se proporcionar\u00e1n las <strong><a href=\"https:\/\/ispm-sfe.infd.edu.ar\/sitio\/wp-content\/uploads\/2025\/01\/Nota-Brava-Examen-FAPIC-Partitura-y-partes-con-ClSib.pdf\">partituras para cada instrumento<\/a><\/strong> (viol\u00edn, viola, violonchelo, flauta, guitarra, bandone\u00f3n, piano y contrabajo; puede descargarse desde el enlace sobre el texto anterior), el <strong><a href=\"https:\/\/drive.google.com\/drive\/folders\/1FdB3rtYY-9ya0p-Wutc13zOxvkQ5Hqv2?usp=drive_link\">audio del tango en el Tempo original y en un tempo m\u00e1s calmo<\/a><\/strong> para estudiar progresivamente (puede descargarse desde el enlace sobre el texto anterior). En el caso de que la inscripci\u00f3n sea con un instrumento diferente a los mencionados anteriormente, consultar en el momento de completar los formularios para recibir informaci\u00f3n sobre adaptaci\u00f3n necesaria del fragmento musical..<\/li>\n\n\n\n<li>En el examen se le proporcionar\u00e1 al postulante el equipo de reproducci\u00f3n para rendir en vivo y su correspondiente pista de audio.<\/li>\n\n\n\n<li>Se valorar\u00e1 positivamente la sincron\u00eda r\u00edtmico-mel\u00f3dica con la pista de audio y el desenvolvimiento t\u00e9cnico\/musical con el instrumento<\/li>\n<\/ul>\n\n\n\n<p><em>Obra elegida:<\/em><\/p>\n\n\n\n<ul>\n<li>Una obra a libre elecci\u00f3n, que no supere los 5 minutos de duraci\u00f3n. No es necesario que sea del g\u00e9nero tango. En el caso de elegir una sonata, suite o concierto, solo interpretar un movimiento. Para los instrumentos mel\u00f3dicos no es necesario contar con un instrumento acompa\u00f1ante en la obra elegida.<\/li>\n\n\n\n<li>Se valorar\u00e1 positivamente el desenvolvimiento t\u00e9cnico\/musical con el instrumento: calidad de sonido, afinaci\u00f3n, din\u00e1mica, fraseo, emotividad e interpretaci\u00f3n.<\/li>\n<\/ul>\n\n\n\n<p><strong>1.2 &#8211; Examen de cantantes<\/strong><\/p>\n\n\n\n<p><em>Obra impuesta:<\/em><\/p>\n\n\n\n<ul>\n<li>El tango La Ultima Curda (M\u00fasica: An\u00edbal Troilo. Letra: C\u00e1tulo Castillo.)<\/li>\n<\/ul>\n\n\n\n<p><em>Obra elegida:<\/em><\/p>\n\n\n\n<ul>\n<li>Una canci\u00f3n de repertorio popular argentino a libre elecci\u00f3n (tango, vals, milonga, chacarera, zamba, chamam\u00e9, etc.)<\/li>\n<\/ul>\n\n\n\n<p>Las obras pueden ser <em>a capella<\/em>, con pista, acompa\u00f1\u00e1ndose con instrumento arm\u00f3nico o con m\u00fasicx acompa\u00f1ante.<\/p>\n\n\n\n<hr class=\"wp-block-separator has-alpha-channel-opacity\"\/>\n\n\n\n<h2 class=\"wp-block-heading\"><strong>Estudiantes del Guastavino:<\/strong><\/h2>\n\n\n\n<p>Los estudiantes de la carrera de Profesor\/a de M\u00fasica con instrumento elegido correspondientes a la RM 292\/16 del Ministerio de Educaci\u00f3n de la Provincia de Santa Fe, <strong>podr\u00e1n ingresar a la FAPIC Tango &#8211; M\u00fasica de manera directa, sin tener la obligaci\u00f3n de rendir examen<\/strong>, solo en el caso que tengan <strong>aprobados<\/strong> los siguientes espacios curriculares:<\/p>\n\n\n\n<ul>\n<li>Pr\u00e1ctica de Conjunto I y II.<\/li>\n\n\n\n<li>Instrumento elegido I y II.<\/li>\n\n\n\n<li>Lenguaje Musical I y II.<\/li>\n\n\n\n<li>Armon\u00eda y An\u00e1lisis Musical I.<\/li>\n<\/ul>\n\n\n\n<p>Quienes pretendan ingresar de manera directa (sin el examen) por cumplir con lo estipulado en el p\u00e1rrafo anterior, <strong>deber\u00e1n presentar\u00e1n toda la documentaci\u00f3n pertinente el d\u00eda del examen<\/strong>. Si as\u00ed lo desearan, podr\u00e1n tambi\u00e9n realizar la audici\u00f3n con las obras solicitadas en los puntos se\u00f1alados m\u00e1s arriba, <strong>sin que esto afecte sus posibilidades de ingreso directo<\/strong>.<\/p>\n\n\n\n<div class=\"wp-block-buttons is-layout-flex\">\n<div class=\"wp-block-button\"><a class=\"wp-block-button__link wp-element-button\" href=\"https:\/\/ispm-sfe.infd.edu.ar\/sitio\/fapic-tango\/\">Volver P\u00e1gina Principal Ingreso FAPIC Tango<\/a><\/div>\n<\/div>\n\n\n\n<ul>\n<li><strong><a href=\"https:\/\/ispm-sfe.infd.edu.ar\/sitio\/fapic-tango\/fapic-tango-musica-documentacion-ingreso\/\" data-type=\"page\" data-id=\"3265\">Documentaci\u00f3n necesaria para preinscripci\u00f3n<\/a><\/strong><\/li>\n\n\n\n<li><strong><a href=\"https:\/\/ispm-sfe.infd.edu.ar\/sitio\/fapic-tango\/fapic-tango-solicitud-preinscripcion\/\" data-type=\"page\">Realizar Preinscripci\u00f3n FAPIC Tango (M\u00fasica)<\/a><\/strong><\/li>\n\n\n\n<li><strong><a href=\"https:\/\/ispm-sfe.infd.edu.ar\/sitio\/fapic-tango\/fapic-tango-musica-ingreso-instrumento-lenguaje-musical\/\" data-type=\"page\" data-id=\"2756\">Audici\u00f3n para el ingreso FAPIC Tango (M\u00fasica)<\/a><\/strong><\/li>\n\n\n\n<li><strong><a href=\"https:\/\/ispm-sfe.infd.edu.ar\/sitio\/fapic-tango\/fapic-tango-fecha-examen\/\" data-type=\"page\" data-id=\"3332\">Fecha de examen<\/a><\/strong><\/li>\n<\/ul>\n","protected":false},"excerpt":{"rendered":"<p>Para quienes deseen realizar el ingreso a la FAPIC de Tango (m\u00fasica), ser\u00e1 necesario realizar una audici\u00f3n para examinar que su desenvolvimiento de cuenta de los requisitos de ingreso. En caso de ser estudiante del Guastavino en el dise\u00f1o curricular de Profesor\/a de M\u00fasica, puede saltar el examen si re\u00fane las condiciones que se expresan &#8230; <a title=\"FAPIC Tango (m\u00fasica) &#8211; Audici\u00f3n para el Ingreso\" class=\"read-more\" href=\"https:\/\/ispm-sfe.infd.edu.ar\/sitio\/fapic-tango\/fapic-tango-musica-ingreso-instrumento-lenguaje-musical\/\" aria-label=\"More on FAPIC Tango (m\u00fasica) &#8211; Audici\u00f3n para el Ingreso\">[+]<\/a><\/p>\n","protected":false},"author":729,"featured_media":0,"parent":2726,"menu_order":4,"comment_status":"closed","ping_status":"closed","template":"","meta":[],"acf":[],"_links":{"self":[{"href":"https:\/\/ispm-sfe.infd.edu.ar\/sitio\/wp-json\/wp\/v2\/pages\/2756"}],"collection":[{"href":"https:\/\/ispm-sfe.infd.edu.ar\/sitio\/wp-json\/wp\/v2\/pages"}],"about":[{"href":"https:\/\/ispm-sfe.infd.edu.ar\/sitio\/wp-json\/wp\/v2\/types\/page"}],"author":[{"embeddable":true,"href":"https:\/\/ispm-sfe.infd.edu.ar\/sitio\/wp-json\/wp\/v2\/users\/729"}],"replies":[{"embeddable":true,"href":"https:\/\/ispm-sfe.infd.edu.ar\/sitio\/wp-json\/wp\/v2\/comments?post=2756"}],"version-history":[{"count":26,"href":"https:\/\/ispm-sfe.infd.edu.ar\/sitio\/wp-json\/wp\/v2\/pages\/2756\/revisions"}],"predecessor-version":[{"id":3744,"href":"https:\/\/ispm-sfe.infd.edu.ar\/sitio\/wp-json\/wp\/v2\/pages\/2756\/revisions\/3744"}],"up":[{"embeddable":true,"href":"https:\/\/ispm-sfe.infd.edu.ar\/sitio\/wp-json\/wp\/v2\/pages\/2726"}],"wp:attachment":[{"href":"https:\/\/ispm-sfe.infd.edu.ar\/sitio\/wp-json\/wp\/v2\/media?parent=2756"}],"curies":[{"name":"wp","href":"https:\/\/api.w.org\/{rel}","templated":true}]}}