{"id":1029,"date":"2018-07-02T21:25:09","date_gmt":"2018-07-03T00:25:09","guid":{"rendered":"https:\/\/ispm-sfe.infd.edu.ar\/sitio\/radio-guastavino\/"},"modified":"2018-10-25T22:06:44","modified_gmt":"2018-10-26T01:06:44","slug":"radio-guastavino","status":"publish","type":"page","link":"https:\/\/ispm-sfe.infd.edu.ar\/sitio\/radio-guastavino\/","title":{"rendered":"Radio Guastavino"},"content":{"rendered":"<p><span style=\"font-family: verdana,geneva; font-size: 12pt;\">Los invitamos a compartir la experiencia de emisi\u00f3n de radio en vivo por internet de nuestros estudiantes. Durante el <strong>2018<\/strong> las mismas se realizar\u00e1n los d\u00edas 26 de octubre y 2 y 9 de noviembre de 18.10 a 19.30hs (aproximadamente).<\/span><\/p>\n<p><span style=\"font-family: verdana,geneva; font-size: 12pt;\">M\u00e1s abajo podr\u00e1n escuchar las emisiones en vivo cuando est\u00e9n disponibles. Si te quedaste con ganas de escuchar ediciones anteriores (de otros a\u00f1os), pod\u00e9s hacerlo desde nuestro <strong><a title=\"Repositorio programas Radio Guastavino\" href=\"http:\/\/mixlr.com\/multimediaispm\/\">repositorio de programas de Radio Guastavino<\/a><\/strong>.<\/span><\/p>\n<p><span style=\"font-family: verdana,geneva; font-size: 12pt;\">Utilice el siguiente enlace <span style=\"color: #0000ff;\"><strong><a style=\"color: #0000ff;\" title=\"chat\">chatear con nosotros<\/a><\/strong><\/span> (disponible durante nuestras emisiones \u00aben vivo\u00bb).<\/span><\/p>\n<p><span style=\"font-family: verdana,geneva; font-size: 12pt;\">Para escuchar la radio puede utilizar el reproductor que est\u00e1 cargando debajo de este texto o hacer <a title=\"Radio1\" href=\"http:\/\/87.117.197.33:14618\/ Title1=Radio Guastavino Length1=-1 Version=2\" target=\"_blank\" rel=\"noopener\">&gt;&gt;clic aqu\u00ed&lt;&lt;<\/a> o en <a href=\"http:\/\/guastavino.radiostream123.com\/\">&gt;&gt;este otro enlace&lt;&lt;<\/a><\/span><\/p>\n<p><iframe src=\"http:\/\/87.117.197.33:14618\/%20Title1=Radio%20Guastavino%20Length1=-1%20Version=2\"><\/iframe><\/p>\n<p>#<\/p>\n<p>Si se encuentra en esta p\u00e1gina dentro del horario de transmisi\u00f3n y la radio figura \u00aboff Air\u00bb, pruebe recargando la p\u00e1gina.<\/p>\n","protected":false},"excerpt":{"rendered":"<p>Los invitamos a compartir la experiencia de emisi\u00f3n de radio en vivo por internet de nuestros estudiantes. Durante el 2018 las mismas se realizar\u00e1n los d\u00edas 26 de octubre y 2 y 9 de noviembre de 18.10 a 19.30hs (aproximadamente). M\u00e1s abajo podr\u00e1n escuchar las emisiones en vivo cuando est\u00e9n disponibles. Si te quedaste con &#8230; <a title=\"Radio Guastavino\" class=\"read-more\" href=\"https:\/\/ispm-sfe.infd.edu.ar\/sitio\/radio-guastavino\/\" aria-label=\"More on Radio Guastavino\">[+]<\/a><\/p>\n","protected":false},"author":729,"featured_media":0,"parent":0,"menu_order":0,"comment_status":"closed","ping_status":"closed","template":"","meta":[],"acf":[],"_links":{"self":[{"href":"https:\/\/ispm-sfe.infd.edu.ar\/sitio\/wp-json\/wp\/v2\/pages\/1029"}],"collection":[{"href":"https:\/\/ispm-sfe.infd.edu.ar\/sitio\/wp-json\/wp\/v2\/pages"}],"about":[{"href":"https:\/\/ispm-sfe.infd.edu.ar\/sitio\/wp-json\/wp\/v2\/types\/page"}],"author":[{"embeddable":true,"href":"https:\/\/ispm-sfe.infd.edu.ar\/sitio\/wp-json\/wp\/v2\/users\/729"}],"replies":[{"embeddable":true,"href":"https:\/\/ispm-sfe.infd.edu.ar\/sitio\/wp-json\/wp\/v2\/comments?post=1029"}],"version-history":[{"count":6,"href":"https:\/\/ispm-sfe.infd.edu.ar\/sitio\/wp-json\/wp\/v2\/pages\/1029\/revisions"}],"predecessor-version":[{"id":1155,"href":"https:\/\/ispm-sfe.infd.edu.ar\/sitio\/wp-json\/wp\/v2\/pages\/1029\/revisions\/1155"}],"wp:attachment":[{"href":"https:\/\/ispm-sfe.infd.edu.ar\/sitio\/wp-json\/wp\/v2\/media?parent=1029"}],"curies":[{"name":"wp","href":"https:\/\/api.w.org\/{rel}","templated":true}]}}